64)/13*(-2 + (-6)/4). Suppose 2*l = -t + 227, 2*l = -5*t - o + 1249. What is the tens digit of t?
3
Suppose 14 = -9*c - 4. What is the tens digit of (c - -817)*(-3)/(-15)?
6
Suppose 158 = b + 36. Suppose -b = -4*m + 18. What is the tens digit of m?
3
Suppose 0 = -113*l - 10*l + 701100. What is the thousands digit of l?
5
Let w(j) = 517*j. Let f be w(4). Suppose -3*y - 4*k = -3098, 2*y - f = -2*k - 2*k. Suppose 0 = -12*n + y + 386. What is the tens digit of n?
1
Suppose 21*h - 8*h = 10*h. Suppose -13*i + 36*i - 21965 = h. What is the hundreds digit of i?
9
Let r(t) = -t**2 + 20*t + 192. Let y be r(-16). Let x = -12 + -216. Let b = x - y. What is the tens digit of b?
5
Suppose -4*r = -2*v - 111920, -24*r + 2*v + 27971 = -23*r. What is the tens digit of r?
8
Let u(a) = 69*a + 36*a - 18*a + 13. What is the tens digit of u(5)?
4
Let k = -45 + 85. Suppose 6*r + k = r. Let s = r + 196. What is the hundreds digit of s?
1
Let w(q) = -2*q**2 + 9*q - 4. Let x be w(2). Suppose 0 = -x*d - 949 + 2815. What is the hundreds digit of d?
3
Let h = 1997 + 7013. What is the thousands digit of h?
9
Let w(r) = -15529*r - 171. What is the hundreds digit of w(-1)?
3
Suppose 2*x + 21 = -3*x + 4*v, 3*v = -5*x + 7. What is the hundreds digit of (21/42)/(x/(638/(-1)))?
3
Let y = 884 + 2983. What is the units digit of y?
7
Suppose -5*d - 4*p = -49, -77 = -7*d + 2*d + 3*p. Suppose 2*u - 17 = -d. What is the tens digit of (-735)/10*(10/(-3) + u)?
9
Let u(y) = y - 2. Let z be u(7). Let w(i) = i**3 - 2*i**2 + 7*i - 23. Let x be w(z). Let p = 217 - x. What is the units digit of p?
0
Suppose 19*n = -133 + 8664. What is the hundreds digit of n?
4
Suppose 3*r - 4646 - 13916 = -562. What is the units digit of r?
0
Let s = 10932 + 640. What is the thousands digit of s?
1
Let m(v) = -v + 1. Let i(h) = -76*h**3 - 2*h**2 + 8*h - 7. Let o(u) = -i(u) - 5*m(u). Suppose 5*f = -q + 3*f - 1, -f = 2*q - 1. What is the tens digit of o(q)?
7
Let h be 6/(-14) - 230/(-14). Let w = 236 - 155. Let d = w - h. What is the tens digit of d?
6
Let o be 4*9/63*14/4. Suppose 4*b + q - 1023 = 0, -o*b + 287 = -2*q - 237. What is the tens digit of b?
5
Suppose 5*z + 4*n - 35 = -0*z, 3*z - 4*n - 21 = 0. Let j(u) = u**3 - 5*u**2 + 10*u + 14. Let d be j(z). Let c = 274 - d. What is the tens digit of c?
9
Let b = -6091 + 30958. What is the ten thousands digit of b?
2
Let m = 133 - 129. What is the hundreds digit of (2 + (4 - (-206)/m))*2?
1
Let q be 16/(-648)*-9 - 2956/18. Let h = q - -331. What is the hundreds digit of h?
1
What is the units digit of (426 - 2895)/(-3*(-1)/(-17))?
1
Let m = -18434 + 35238. What is the ten thousands digit of m?
1
Suppose -4*y + 112 = t, 3*y - 5*t = 114 - 30. Suppose 3*m - 77 = -2*l + y, -m + 5 = 0. What is the units digit of 2694/l - 2/(-15)?
0
Suppose 43*k + 355000 - 1588684 = 2298207. What is the units digit of k?
7
Let f(x) = 24*x**2 + 7*x - 91. What is the units digit of f(-10)?
9
What is the ten thousands digit of -6 + -4 - (90 + -51895)?
5
Let f(c) = -11*c**2 - 70*c + 1. Let z(v) = -7*v**2 - 47*v + 1. Let m(i) = 5*f(i) - 8*z(i). Let h be m(-25). What is the units digit of h/6*18/(-3)?
8
Suppose -4*b - 27 = -7*b. Suppose 0 = 2*k - b*k + 168. Suppose 2*r = 5*t - 84, -r + k = t - 5*r. What is the tens digit of t?
1
Suppose 266 = -13*o - 696. Let u(t) = 101*t + 2. Let j be u(1). Let d = j - o. What is the hundreds digit of d?
1
Suppose -d + 22 = -2*j, -d + 5*j + 61 = 2*d. Let c be 4/d + (-10)/(-6). Suppose -3*m = 2*p - 145, -c*m + 3*p + 56 = -32. What is the tens digit of m?
4
Let b(o) = -184*o**3 + 3*o**2 - 29*o - 74. What is the hundreds digit of b(-4)?
8
Let b(g) be the second derivative of g**5/5 - 5*g**4/4 - 5*g**3/2 - 8*g**2 - 224*g. What is the hundreds digit of b(8)?
9
Let a(b) = b**2 + 1175. Let i be a(0). Let v = i + -2012. Let u = -587 - v. What is the tens digit of u?
5
Let q(h) = -2*h**3 + 18*h**2 + 3*h + 15. Let l(v) = 2*v**3 - 5*v**2 + 2*v - 10. Let a be l(4). Suppose 5*d - a = -6. What is the tens digit of q(d)?
6
Let j(x) = -2*x**2 + 3*x - 3. Let c be j(3). What is the hundreds digit of 223 + (9 + c)/((-3)/2)?
2
Let q(n) = -n**3 + 7*n**2 + 3*n + 42. Let s be q(8). What is the units digit of (4/2)/s + (-4100)/(-25)?
5
Let p = 897 - 472. Let x = p + 164. Suppose -13*m + x = -2557. What is the hundreds digit of m?
2
Let b(q) = 15*q + 2. Suppose -4*d + 0*i - 27 = -3*i, -2*i - 2 = 4*d. Let a be b(d). Let g = 32 - a. What is the tens digit of g?
7
Let f = -257 - -262. Suppose -2*s - 4*m - 232 + 2008 = 0, f*s = -4*m + 4422. What is the units digit of s?
2
Let f(c) be the third derivative of -c**7/5040 + c**6/40 - c**5/60 + 15*c**2. Let t(m) be the third derivative of f(m). What is the tens digit of t(-13)?
3
Let a(y) = 28*y**2 + 140*y - 208. What is the tens digit of a(-45)?
9
Let l = 3747 - 1590. What is the tens digit of l?
5
Let r = 92 - 96. Let k(v) = -51*v - 36. What is the hundreds digit of k(r)?
1
What is the hundreds digit of 6/8 - ((-1210167)/(-84))/(-19)?
7
What is the units digit of (-3 - 168/(-64)) + (-799799)/(-104)?
0
Let z(o) = 2*o**2 - 70*o + 124. Let r be z(48). Let t = -318 + r. What is the tens digit of t?
5
Suppose -110 = -2*h - 2*s - 34, -h - 3*s = -42. What is the hundreds digit of ((-12)/h)/(2/(-7674))?
2
Suppose -3*w + 16 = 5*v, 4*v + 7 - 25 = -5*w. Suppose -w*q + 978 = -568. What is the hundreds digit of q?
7
What is the hundreds digit of (-548)/(-12)*(30/45 - 642/(-9))?
2
Suppose 0 = 5*d + 5*x - 35380, -7041 = -86*d + 85*d + 4*x. What is the thousands digit of d?
7
Let p = -53 - -36. Let q(f) = f + 33. Let h be q(p). What is the tens digit of 6*4/h*(-78)/(-9)?
1
Suppose -91*g + 72*g + 146775 = 0. What is the units digit of g?
5
Let z(y) = y**3 - 70*y**2 - 112*y + 343. What is the hundreds digit of z(73)?
1
Let g = 923 - 667. Let v = 899 - g. What is the tens digit of v?
4
Let i(p) = 253*p**2 + 981*p - 14. What is the units digit of i(-13)?
0
Let g be 1/((4/30)/((-52)/(-39))). What is the hundreds digit of 5/g - (-2268)/8?
2
Suppose -o = -3*p - 0*p - 4, -3*o + 23 = 2*p. Let l(v) = 13*v**2 - 5*v + 5*v**3 + o - 2 - v**3 - 3*v**3. What is the units digit of l(-13)?
0
Let f(o) = o**3 + 53*o**2 + 22*o + 116. What is the tens digit of f(-49)?
4
What is the tens digit of 2758556/476 + (-6)/21?
9
Let a = -81 - -119. Suppose 6*s + 4*s - 470 = 0. Let t = s + a. What is the tens digit of t?
8
Let r(g) = -2*g**2 - 2*g + 9. Let c be r(2). Let x be 3*(c + -26) - -1. Let t = x - -160. What is the tens digit of t?
7
Suppose 0 = 41*c - 45*c - g + 8, 5*g - 16 = 4*c. What is the thousands digit of -6 + (1060 - (-18)/(-6)*c)?
1
Let p be (10 + -4)*((-28)/(-8) - 3). Let t(u) = u**3 - u**2 - 4*u - 1. Let n be t(p). What is the tens digit of 356/10 - 3 - (-2)/n?
3
Suppose -15*f = -42648 - 28317. What is the units digit of f?
1
Suppose -8*b + 38*b = 4*b + 5356. Suppose 3*k = -42 - 171. Let d = b + k. What is the tens digit of d?
3
Let j(o) = 70*o**2 - 11*o + 42. What is the thousands digit of j(-7)?
3
Let m(h) = -990 - 6*h + 22*h**2 + 1994 - 967. What is the thousands digit of m(7)?
1
Suppose 2*d + 0*d = 0, -3*d = 3*i - 36. Suppose i*m - 4*m = 2536. What is the units digit of m?
7
What is the units digit of 5/225*385137 - (1 + (-21)/15)?
9
Let k = 112 - 105. Let g(x) be the second derivative of x**5/20 - 7*x**4/12 + 11*x**3/6 - 6*x**2 - 2*x. What is the units digit of g(k)?
5
Suppose 2*y - 18534 = -2*j, -2*y - 14*j + 18*j + 18576 = 0. What is the thousands digit of y?
9
Let h = 15415 + -8542. What is the hundreds digit of h?
8
Suppose -2*v - 2*w = 0, -9 = v + 5*w - 29. Let u(d) = -3*d - 9. Let m be u(v). Suppose 416 = m*o - 2*o. What is the tens digit of o?
0
Let k(m) = -11*m + 4. Let b be k(1). What is the units digit of (-32)/112 + 12/b + 250?
8
What is the tens digit of 2/(-6) + (28826720/(-78))/(-40)?
3
Let i = 1708 + 5320. What is the units digit of i?
8
Let b = 56 - 64. Let s(t) = -117*t - 21. Let x be s(b). Suppose x = 13*z - 333. What is the units digit of z?
6
Let r = -50 - -56. Suppose 11*v - 15 = r*v. What is the units digit of 604/8 + v/6?
6
Let w(c) = c**3 + 67*c**2 - 124*c - 317. What is the thousands digit of w(-57)?
9
What is the tens digit of (-387757)/(-92) - (0 - (-10)/(-8))?
1
Let v(w) = 14*w - 1. Suppose -7*h + 10*h - 78 = 0. What is the uni